ghest common divisor of 23 and l.
23
Let y(p) = -p**3 + 2*p**2 - 2*p - 5. Let v be y(-4). What is the greatest common factor of 22 and v?
11
Let m be 0 + (-2 + 2 - 1) - -13. Calculate the greatest common divisor of 52 and m.
4
Let r = -571 - -588. Let q = 9 + -8. Let d(p) = 16*p**2 + 2*p - 1. Let a be d(q). What is the highest common divisor of a and r?
17
Let h be (0 + -1)/(-1)*5. Suppose 0 = h*x - 4*x - 68. Calculate the highest common divisor of x and 170.
34
Let b be ((-546)/195)/((-1)/10). Calculate the highest common divisor of b and 1652.
28
Suppose -8*y + 11*y - 6 = 0. Suppose -y*i + 44 = -0*i. What is the highest common divisor of 88 and i?
22
Let k be ((-4)/(-10))/1*275. Calculate the highest common factor of 88 and k.
22
Let j be (1 + 15/9)*(1185 + 3). Suppose 4*r = -7*r + j. Calculate the highest common divisor of r and 18.
18
Let b(v) = 6*v - 5. Let h be b(8). Let w(p) = p**2 - 9*p + 7. Let a be w(12). What is the highest common divisor of h and a?
43
Let a(x) = 2*x**2 - 9*x + 24. Let v be a(5). Calculate the greatest common factor of 29 and v.
29
Let g be (-71)/(-4) - 2/(-8). Suppose -5*d = -32 + 7. Suppose 4*w - 198 = -f, 11 - 1001 = -d*f + 3*w. Calculate the greatest common factor of f and g.
18
Suppose -5*v - 53 = -3*z, 5*z - 3*v = 4*z + 19. What is the highest common divisor of z and 1?
1
Let p(x) = 2*x**2 + x - 1. Let o be p(1). Let v(f) = f + 1. Let t be v(o). Suppose t*u - 420 = -2*u. What is the highest common factor of u and 21?
21
Suppose -5 + 0 = -h. Suppose k + 3*k - 38 = n, -h*n - 1 = k. What is the greatest common factor of k and 1?
1
Let t be (-10)/5 - (-6 + 1). Let d = 133 - 85. What is the highest common divisor of d and t?
3
Suppose 7*r = 10 + 18. Suppose -2*l = -x - 6, r*l = 2*x + 3*l. Calculate the greatest common divisor of 3 and x.
1
Suppose 3*f - 5*j - 150 = -8*j, -2*f + 97 = -j. Let s = -57 - -302. Calculate the highest common divisor of f and s.
49
Suppose 3*q = 6 - 0, -2*p - 4*q = -438. Let l = p + -35. Calculate the greatest common factor of 20 and l.
20
Suppose -5*i = 5*f - 3*f - 95, -5*f - 109 = -4*i. Suppose 11*k = 800 - 107. What is the highest common divisor of k and i?
21
Suppose k + k - 108 = 0. Suppose -2*y = -y + 3, y - 177 = -5*b. Calculate the greatest common divisor of b and k.
18
Let h = -247 - -252. Calculate the greatest common factor of h and 30.
5
Suppose -108 = -4*a + 2*z, -3*a - 2*z + 6 = -68. Calculate the greatest common divisor of a and 208.
26
Suppose -6*r + 90 = -r. Let m = -143 - -179. Calculate the highest common divisor of r and m.
18
Let x be (-3)/(5/50*-3). Let v = -105 - -185. Calculate the highest common divisor of v and x.
10
Suppose 15*z - 19*z + 282 = 5*v, 4*z = -8. Calculate the highest common divisor of 58 and v.
58
Let h(x) = -3*x - 3 + 3*x**2 - 3 + 5*x + 2. Let p be h(2). What is the highest common divisor of p and 60?
12
Let l be (2/4)/((-3)/(-180)). Let q = 8416 + -8206. What is the greatest common divisor of l and q?
30
Let t be 1/(-3) - 201/(-9). Let v = 34 + t. Calculate the greatest common divisor of v and 7.
7
Let v(x) = 15*x - 309. Let g be v(27). What is the highest common factor of g and 72?
24
Let z be (-48)/72 + (-2)/(-3). Suppose z = 7*m - 23 - 33. What is the greatest common divisor of 1 and m?
1
Suppose 12*t - 290 = 46. Calculate the greatest common factor of t and 140.
28
Let f be 12/(-9) + 2 + (-3768)/(-18). Calculate the greatest common divisor of 20 and f.
10
Let d(h) = -7*h + 190. Let r be d(22). What is the greatest common divisor of 168 and r?
12
Suppose r = 7 + 1. Let q(c) = c**3 - 7*c**2 + 5*c + 6. Let g be q(r). Let i be (-9)/12 - g/(-8). What is the highest common factor of i and 91?
13
Let p(t) = t + 10 - 8*t - 11*t - 4. Let k be p(-5). Calculate the highest common divisor of 24 and k.
24
Suppose -4*q - 4*i = -44, -5*i - 9 + 36 = 3*q. Let z(b) = 154*b**2. Let f be z(1). Calculate the highest common divisor of q and f.
14
Suppose -2*i + 0*u = -3*u - 65, -2*u = 4*i - 170. Calculate the greatest common divisor of i and 30.
10
Let z(b) = 3*b - 13. Let a be z(6). Suppose n + 3*k - k - 154 = 0, 770 = a*n + 3*k. What is the highest common divisor of 14 and n?
14
Let p be 7*((-1260)/(-49))/5. What is the greatest common factor of p and 36?
36
Let z be (-9)/2*(-2)/1. Let h(x) = -x**2 - 9*x + 16. Let b be h(-10). Let t be (-4146)/(-66) - b/(-33). Calculate the greatest common divisor of t and z.
9
Let y be 2 - 53/(-5) - 18/30. What is the greatest common factor of 336 and y?
12
Let o(a) = 34*a - 3. Let l be o(12). Suppose l = 3*w + 2*w. What is the greatest common factor of w and 9?
9
Let k be 5*1 + (26 - -14 - -18). Calculate the highest common factor of 18 and k.
9
Let w(j) = j**3 + 4*j**2 + 4*j + 2. Let c be w(-2). Suppose -2*m + 0*m + 4*f + 146 = 0, 0 = -c*m + 2*f + 136. Calculate the greatest common factor of 9 and m.
9
Let h(q) = -6*q**2 + 10*q + 10. Let o(x) = 5*x**2 - 11*x - 11. Let f(v) = -3*h(v) - 4*o(v). Let w be f(7). What is the greatest common divisor of 21 and w?
7
Suppose -284*g = -270*g - 1008. What is the greatest common divisor of g and 522?
18
Let s(b) = -b**3 + b**2 + 2*b + 12. Let r be s(0). Let z = 12 + r. What is the highest common divisor of 12 and z?
12
Let f(g) = 2*g**3 + 17*g**2 + 6*g - 17. Let n be f(-7). Calculate the highest common factor of 40 and n.
8
Let m be ((-1)/2*-9)/(42/2128). Calculate the highest common divisor of 57 and m.
57
Suppose 0 = -2*z + 61 + 221. Calculate the greatest common factor of z and 94.
47
Let o be (-9)/(-1) - 0/(-1). Let f be 170/(-4)*(-36)/30. Let z = f + -33. What is the highest common factor of z and o?
9
Let o = 20 + -14. Let r be 8/o*252/24. What is the highest common divisor of 21 and r?
7
Suppose 12 = -12*f + 13*f. Let b(r) = r**2 + 10*r + 3. Let i be b(-10). Let g be (-1 + i - -3) + 3. Calculate the greatest common factor of f and g.
4
Let k = -39 + 84. Let o be (44 + -42)/(2/15). Calculate the highest common factor of o and k.
15
Suppose -126*j + 117*j = -90. Calculate the greatest common factor of j and 670.
10
Let a(k) = k**3 + 10*k**2 + 19*k + 28. Let d be a(-8). Let z be (d + (-29)/3)*-3. What is the greatest common divisor of z and 187?
17
Let l = 1200 + -2001. Let p be (-2)/(-8) - (3 - l/(-12)). What is the greatest common divisor of p and 160?
32
Let r = -70 - -145. Calculate the greatest common factor of 5 and r.
5
Let t(f) = 12*f + 24. Let u be t(4). What is the highest common factor of u and 8?
8
Let j(s) = -3*s**2 - 42*s + 3. Let k be j(-14). Suppose -k*b + 5*b = 126. What is the highest common divisor of b and 7?
7
Let v = 63 + -45. Suppose p - 21 = -v. What is the highest common divisor of 24 and p?
3
Suppose 3*m + 2*x = 982, 1317 = 30*m - 26*m - 5*x. Calculate the greatest common divisor of m and 41.
41
Let q(d) = -11*d**3 + 2*d**2 - 3*d - 2. Let c be q(-2). What is the greatest common factor of 20 and c?
20
Let m be (2676 - -7) + (-10)/(-2). Calculate the greatest common factor of 21 and m.
21
Suppose -2*b + 28 = 5*b. Suppose 0 = s - b*s + 78. What is the greatest common divisor of 65 and s?
13
Let m be -1 + 0 + (-33)/(-3). Let f(j) = 5*j - 15. Let w be f(m). What is the greatest common factor of 14 and w?
7
Suppose 2*q = -m + 44, 0 = -0*m - 3*m - 12. Let h = 27 - q. Suppose 2*x - 2 = 2*d, -2*d = -2*x - h*d + 17. What is the greatest common divisor of x and 66?
6
Let u = -156 + 91. Let p = u - -143. What is the highest common factor of p and 26?
26
Suppose a = 9*a - 256. What is the greatest common factor of 48 and a?
16
Suppose 30*m - 1496 = 13*m. What is the greatest common factor of m and 2024?
88
Let u(d) = d**2 - 7*d - 2. Let x(g) = -3*g - 1. Let a be -3*(1 - 0/2). Let h be x(a). Let s be u(h). What is the highest common divisor of s and 42?
6
Let c = -7 + 24. What is the greatest common factor of 425 and c?
17
Let n = -10 + 14. Suppose 2*s + n = 0, -4*k = s - 0*s - 570. Let o(i) = i**3 - 4*i**2 + 3*i + 1. Let z be o(4). Calculate the highest common factor of z and k.
13
Let x(p) = p**3 + 7*p**2 + 4*p - 6. Let d be x(-6). Let v = 16 - d. Suppose -3*f + v = 5*j, -1 = j - 0*j. Calculate the highest common factor of f and 15.
5
Suppose -2*s + 7 = -7. Let g be (-2)/5 + (-7010)/(-25) + 0. Let t be (-3)/2*g/(-30). Calculate the highest common divisor of s and t.
